hest common factor of w and n?
11
Let l = -52 - -116. Let y = l - 40. Calculate the highest common divisor of y and 6.
6
Suppose 208 = 3*c - 2*i, 2*c + 10*i - 126 = 5*i. Let d(s) = -5*s + 2. Let l be d(-3). Calculate the greatest common factor of l and c.
17
Suppose 2*h = 2*q - 0*h - 44, h = 4*q - 91. What is the greatest common factor of 184 and q?
23
Let f = -29 - -60. Let m = -22 + f. Let z be (2*1)/((-4)/(-18)). What is the highest common divisor of m and z?
9
Suppose -2*l = -5*l + 21. Let d = -3 - -3. Let x = l - d. Calculate the greatest common factor of x and 35.
7
Let r be 16/3 - 1/3. Let o = 5 + 20. What is the highest common factor of o and r?
5
Suppose -2 - 7 = -3*o. Let h be (o/2)/(3/4). Suppose 0 = 2*l + 2*p - 20, -h*l + 6*l - 43 = -5*p. Calculate the greatest common divisor of l and 63.
7
Suppose 0 = -3*x - 0*x. Suppose x = 5*s + k - 327, 0 = 2*s + 2*s - 2*k - 270. What is the highest common divisor of s and 6?
6
Suppose -3*o - 2*o + 20 = 0. Suppose 5*z + o = 39. Suppose 3*s + 3 = 66. Calculate the greatest common divisor of s and z.
7
Let q be -6 + 26 - -1*4. Calculate the highest common factor of q and 16.
8
Suppose -j = j - 42. What is the greatest common factor of 7 and j?
7
Let u = -87 - -157. Let x = -86 + 48. Let s = x + u. What is the greatest common divisor of 16 and s?
16
Let h = 42 + -7. Let s = 3 - -4. Calculate the highest common divisor of s and h.
7
Suppose k - 18 = 30. What is the greatest common divisor of k and 6?
6
Let c(a) = a**3 + 7*a**2 - a - 7. Let d be c(-7). Suppose -2*i = -d*i - 16. Let y be 2/i + 2634/24. Calculate the greatest common factor of 22 and y.
22
Suppose 3*k + 2*o + 16 = -3*o, 3*k = 3*o + 24. Suppose k*t = -t. Suppose t = i - 4 - 1. What is the highest common divisor of i and 5?
5
Let g = 140 - 98. Calculate the greatest common divisor of 105 and g.
21
Let x(w) = 30*w + 25. Let p be x(12). What is the greatest common divisor of 35 and p?
35
Let k = 70 + -6. What is the greatest common factor of k and 32?
32
Let m(g) = 4*g - 10. Let w be m(6). Suppose 4*r - w = 42. Let a = 121 + 5. Calculate the greatest common factor of a and r.
14
Let w(l) = l**2 - 6*l + 8. Let v be w(7). What is the greatest common factor of 60 and v?
15
Suppose 0*u = 4*u - 80. Let c be -1 - -1*(0 - 1). Let r be (c/3)/(3/(-18)). Calculate the highest common factor of u and r.
4
Let k = 153 + -88. Calculate the highest common factor of k and 26.
13
Let t be ((-2752)/8)/((-2)/1). Calculate the highest common divisor of t and 43.
43
Let z(h) = -h + 4. Let v be z(0). Suppose 5*d - 31 - 74 = -u, -4*u + v*d = -300. Let a be 2/15 + (-894)/(-45). Calculate the greatest common factor of u and a.
20
Let z(x) = -14*x - 3. Let n be z(-3). Let f = 71 - n. Suppose 9*r - 4*r = 40. Calculate the greatest common divisor of r and f.
8
Let v(o) = -74*o + 310. Let p be v(4). Let r(k) = -k**2 - 6*k - 6. Let a be r(-4). What is the highest common divisor of a and p?
2
Let l = -15 - -22. Let g(p) = p - 6. Let u be g(7). Let j be (0 + u)/((-13)/(-364)). What is the greatest common divisor of j and l?
7
Let n(d) = d**3 + 3*d**2 - 4*d + 3. Let z be n(-4). Let t be (3/z + 0)*13. Let s be (-3)/2 + t/2. What is the highest common divisor of s and 20?
5
Let c = 39 - 19. What is the greatest common divisor of 50 and c?
10
Let v be (-40)/(-50)*(-10)/(-4). Suppose x - 2 = -2*c, -v*x - 28 = -6*x - 4*c. What is the highest common factor of 12 and x?
12
Let u = -1 + 5. What is the highest common factor of 8 and u?
4
Let b be (1 - 0/(-3))*10. Let m(l) = -l**3 + l**2 + 4*l + 6. Let r be m(-4). What is the greatest common factor of r and b?
10
Let w be (-1)/((-3)/6) + 18. Let c(u) = u - 2*u**3 - 3*u - 3 - 4*u**2 - 2*u. Let j be c(-2). Calculate the greatest common divisor of j and w.
5
Let c(l) = 4*l + 7. Let s be c(7). What is the greatest common factor of s and 5?
5
Let f be (-3)/9 - 460/(-3). Suppose d = -d + 14. Suppose -a + 10 = -d. Calculate the greatest common factor of a and f.
17
Let n = -6 - -12. Let v = 49 + n. Suppose 2*a = 3*a - v. What is the greatest common factor of a and 11?
11
Let b be ((-70)/(-8))/(1/4). What is the highest common divisor of 7 and b?
7
Let c = -15 + 17. What is the greatest common factor of c and 6?
2
Let d be (-2)/(1 + 5/(-4)). What is the greatest common factor of 12 and d?
4
Suppose -4*c + 90 = 34. Calculate the greatest common divisor of 126 and c.
14
Suppose -4*x - 4*s + 17 = -15, -2*x - 9 = -3*s. Let h be 3*(-1)/2*-14. Calculate the highest common factor of x and h.
3
Let o be 1*2 - (1 - 3). Suppose 132 = -u + o*u. Calculate the greatest common divisor of u and 22.
22
Suppose -4*g + 5*g + 3*i = 78, -g + 5*i + 54 = 0. Calculate the greatest common factor of g and 92.
23
Let i(b) = -5*b + 2. Suppose 13 = -4*d + 1. Let r(m) = m. Let s(v) = d*i(v) - 6*r(v). Let h be s(4). Calculate the highest common factor of 10 and h.
10
Let o(n) be the first derivative of 0*n - 2 + 3/2*n**2. Let k be o(1). Calculate the greatest common factor of 6 and k.
3
Suppose 4*r - 174 = 302. What is the greatest common factor of 17 and r?
17
Suppose 2*g = 2*r - 71 - 9, 2*r - 56 = -4*g. What is the greatest common divisor of r and 24?
12
Suppose 2 = -5*x + 3*b + 16, -8 = x + 3*b. Calculate the greatest common divisor of x and 1.
1
Let i be 8/32 - (-95)/4. Let k be ((-6)/9 - -2)*i. What is the greatest common divisor of 80 and k?
16
Suppose -3*p + 22 = -2*k, -2 - 43 = -5*p + 5*k. Suppose z = 3*z - p. Suppose 2*q - 14 = -4*a, 2*q = 2*a + 6*q + 2. What is the highest common factor of a and z?
1
Suppose 12 = 4*z - 8. Suppose -3*x + 4*o + 572 = 0, 0 = 2*x + z*o + 40 - 452. Suppose -v = v - x. What is the greatest common divisor of 14 and v?
14
Let t(c) = -c**3 + 7*c**2 + c - 8. Let o be t(7). Suppose -4*d - 3 = -d. Let w be (d/o)/(3/6). What is the highest common factor of 1 and w?
1
Let n(u) = 4*u**3 + u**2 + 4*u - 3. Let m be n(2). Let d = m - -58. Calculate the greatest common divisor of d and 11.
11
Let a(u) = 3*u**2 + 4*u + 1. Let p be a(-3). Suppose -2*s + p = -36. What is the greatest common factor of 13 and s?
13
Let k be -3 + 15/6*2. Let g be 12/8*k + 13. Let a(d) = d**3 + 6*d**2 + 2. Let p be a(-6). What is the greatest common factor of p and g?
2
Let f = -7 + 11. Suppose 2*p - f = -0*p. Suppose 30 = g + p*g. What is the highest common divisor of g and 90?
10
Let p be (4/10)/(4/1200). Suppose 0 = -4*k - k + p. Calculate the highest common divisor of k and 24.
24
Let a = 41 + -27. Let u = 2 + a. What is the highest common divisor of u and 176?
16
Let i(v) = -v**2 + 13*v + 25. Let y be i(11). What is the greatest common factor of y and 235?
47
Let u(n) = -n**2 + 16*n - 45. Let q be u(4). What is the greatest common divisor of 24 and q?
3
Let d = 189 - -117. What is the highest common factor of 18 and d?
18
Let h be 1 - 26 - -3 - 3. Let b = h + 69. Suppose 2*g - b = -2*g - 4*z, -3*z = g - 13. Calculate the highest common divisor of 25 and g.
5
Let r(u) = u**2 - u - 2. Let g be r(-2). Let c be ((-2)/g)/(4/760). Let y = c + 150. What is the highest common divisor of y and 11?
11
Suppose 2*b + n - 50 = 0, 3*n + 25 = b + 7*n. Let o = b - 7. Calculate the greatest common factor of 6 and o.
6
Suppose 1 - 21 = -2*q. Suppose -q = 4*a - 34. What is the greatest common factor of 4 and a?
2
Suppose -3*i + 55 = 5*c, 4*i - 2*c + 7*c = 80. Calculate the greatest common divisor of i and 10.
5
Let c(j) = -10*j**3 - j**2 - j. Let i be c(-1). Suppose 0 = -2*f - i, -4*u - f + 225 = 2*f. What is the highest common divisor of u and 24?
12
Suppose -t - 1 = -2*t. Let s be 40/3 - t/3. What is the greatest common factor of s and 65?
13
Let n be -2*(-1)/4*-10. Let i be 4*(15/(-2))/n. What is the highest common factor of 15 and i?
3
Suppose 2*f - g - 191 = 0, -5*f = -0*f + 4*g - 484. Let b(s) = s**3 + 9*s**2 + 13*s + 5. Let x be b(-7). Calculate the greatest common divisor of x and f.
12
Let i = 9 - 4. Let d(j) = -7*j. Let c = -4 + -1. Let z be d(c). What is the highest common divisor of i and z?
5
Let n(q) = q**3 - 2*q**2 - q - 1. Let k be n(3). Suppose 59 + 21 = 2*r. Calculate the highest common divisor of k and r.
5
Let w be 1 + 1 + (-16 - -2). Let t be w/15*(-5 - 0). What is the greatest common factor of t and 28?
4
Let r be (-15)/(-2)*(-344)/(-12). Suppose -4*m + 5